- 10. What is w(1)?
6
Suppose l - 3*y = -7 - 2, 2*l = 2*y - 6. Suppose 0*m + 2*m = l. Suppose x + x = m. Let c(s) = s**2 - s - 8. Calculate c(x).
-8
Let h(n) = n - 9. Let l be h(11). Let x(u) be the first derivative of -1/4*u**4 - 1 - u - 1/2*u**l - u**3. Calculate x(-3).
2
Let f(a) = -a**2 - 1. Let q(z) be the third derivative of -z**5/15 - z**4/6 - z**3/6 - 8*z**2. Let y(i) = -5*f(i) + q(i). Calculate y(3).
1
Let l(q) = q + 1. Let s = 5 + 1. Let r be 1/3 - 2/s. Suppose r*g = -g. Give l(g).
1
Let l(f) be the second derivative of -f**6/60 + f**5/60 - f**3/6 + f**2/2 + 4*f. Let m(k) be the first derivative of l(k). Calculate m(-1).
2
Let h(w) = 2*w - 19. Let s be h(12). Let c(t) = -t**2 + 2*t + 4. Give c(s).
-11
Suppose 3*x = -6 + 9. Let o(m) = -m**2 - m. Determine o(x).
-2
Let o(p) = -p - 1. Let f(z) = 2*z + 1. Let q(k) = 5*f(k) + 8*o(k). Let r(l) = 2*l - 12. Let m be r(9). Let h(g) = g - 2. Let u be h(m). Determine q(u).
5
Suppose -10*i + 7*i - 12 = 0. Let t(y) = y + 7. Give t(i).
3
Let t(m) = -3*m**3 - 4*m**2 - 6*m + 6. Let c(a) = 13*a**3 - 22 + 24*a + 15*a**2 - 12 + 10. Let y(h) = -2*c(h) - 9*t(h). Calculate y(-5).
-11
Let q = 33 + -35. Let g(h) be the first derivative of -h**4/4 - h**3 - h**2/2 + h + 2. What is g(q)?
-1
Let g(v) be the first derivative of v**3/3 + v - 4. Determine g(0).
1
Let a be (-12)/16 + 30/8. Let c(x) = -x**3 + 4*x**2 - x - 1. Give c(a).
5
Suppose 5 = 6*m + 29. Let p(g) = 2*g**2 + 5*g - 5. Let j(q) = -3*q**2 - 7*q + 8. Let x(v) = 5*j(v) + 8*p(v). Determine x(m).
-4
Let j(r) = 6*r - 3*r**3 + 2*r**3 - 7 + 4*r**2 + 1. Let c be j(5). Let h(o) = 5*o. Calculate h(c).
-5
Let g(f) = f**3 + 2*f**2 - f - 2. Let m be (-10)/(-15) - (-22)/(-6). Give g(m).
-8
Let t(j) = j**3 + 4*j**2 + 2*j - 5. Let y(v) = v**2 + v. Let d(h) = -2*h**2 + 2*h + 6. Let p(s) = d(s) + y(s). Let w be p(-2). Give t(w).
-13
Let o(c) = c**2 - 6*c - 78 + 80 + 0*c. Let d(a) = a**3 + 5. Let y be d(0). Give o(y).
-3
Let k = 16 - 20. Let y(s) = s**3 + 3*s**2 - 3*s + 1. Determine y(k).
-3
Let j = -16 + 29. Let r = j + 7. Suppose 3*p = -p + r. Let y(x) = x + 1. Determine y(p).
6
Let q(s) = -3*s + 6. Let u(i) = -4*i**2 + 58*i - 49*i + 3*i**2 - 4. Let o be u(8). Determine q(o).
-6
Let d = -1 - -2. Let r(m) = 0 - 2*m - 2 + 3 + 0*m**2 - 2*m**2. What is r(d)?
-3
Let n be 12/21 - (-4 - 18/(-7)). Let a(v) = -v + 3. Give a(n).
1
Suppose 16 + 0 = -4*x. Let j(c) = -2*c + 2. Calculate j(x).
10
Let o = -40 - -48. Let n(x) = x**2 - 8*x + 1. Calculate n(o).
1
Let f(c) = 10*c + 3. Let j(x) = 2*x**2 - 35*x - 20. Let h be j(18). Determine f(h).
-17
Suppose -3*t = -t. Let l be 4 - 0 - t/(-4). Let o(v) = v**2 - 4*v + 3. Calculate o(l).
3
Let p = 10 - 0. Suppose 3 = j + p. Let f = -11 - j. Let q(w) = w**2 + 4*w - 3. What is q(f)?
-3
Let k(q) = q**2 + q - 2. Let c = -10 - -12. Give k(c).
4
Let q be (14/(-4))/((-2)/4). Let d(c) = 11*c + 4 - 2 - q*c. Give d(2).
10
Let r(k) = -3*k - 3*k + 4*k + k - 7. Let a(l) = -l**2 - l + 2. Let f = -5 - -3. Let g be a(f). What is r(g)?
-7
Let w(g) = 7*g**2 + 17*g - 10. Let j(c) = -c**3 + c**2 + 4*c - 3. Let n be j(3). Let i(t) = -3*t**2 - 8*t + 5. Let m(l) = n*i(l) - 4*w(l). Calculate m(5).
-10
Let s(u) be the second derivative of -u**5/120 - u**4/24 - 2*u**3/3 + 5*u. Let a(c) be the second derivative of s(c). Calculate a(4).
-5
Suppose 10*q + 6 = 8*q. Let r(b) = -b**2 - 3*b - 4. Give r(q).
-4
Let j be 2 - (-8 + 2)/2. Let g(l) = -7*l**2 + l + 2. Let m(x) = 6*x**2 - 2*x - 2. Let p(z) = 5*g(z) + 6*m(z). Give p(j).
-12
Let s(w) be the second derivative of -w**6/360 + w**5/20 - 5*w**4/24 + 5*w**3/6 + 7*w. Let d(x) be the second derivative of s(x). Give d(4).
3
Let w = 1 - -5. Suppose w*o - o = 25. Let h(p) = -p**3 + 5*p**2 - p - 3. Determine h(o).
-8
Let x = 2 + -1. Let l be ((-3)/x - -6) + -1. Let a(i) = -4*i**2 + 27 - 21 + l*i + i**3 - 7*i. Determine a(5).
6
Let l(k) = 2 + 10*k + 7*k - 16*k. What is l(5)?
7
Let p(y) = 5*y**2 - y - 1. Let j(a) = 2*a**2 + 11*a - 7. Let n be j(-6). Determine p(n).
5
Let h(l) = 0*l**2 + 6*l**2 - 5*l**2 - 6*l + 4. Give h(4).
-4
Suppose 8 = 5*o - 2. Suppose 5*r + 72 = 2*b, -97 = -4*b - 2*r - 1. Suppose -3*s = -5*u - 25, 4*u + b = -o*s + 6. Let z(j) = j**2 - j + 6. Determine z(s).
6
Let x(j) = -j**2 - 1. Let q(w) = 2*w**2 + 5*w - 3. Let n(t) = q(t) + 3*x(t). Calculate n(3).
0
Let w(n) = 6*n - 2. Let u(o) = o. Let d(y) = 5*u(y) - w(y). Give d(-7).
9
Let n(u) = u**3 - 1539 - 4*u + 6*u**2 + 1548 + 6*u. Give n(-6).
-3
Let r be (1/2)/((-3)/(-18)). Suppose 3*j - 8*n = -r*n - 22, -n - 14 = 4*j. Let x(m) = -m - 4*m + 7*m + 4. Determine x(j).
-4
Let g(p) be the first derivative of p**3/3 + 3*p**2 + 5*p - 18. Determine g(-5).
0
Let t be (0 + -2)/(-2)*1. Suppose -4*d + 3*d = -2. Let c(l) = 2*l**2 - 4*l**d + 3 - t. Determine c(2).
-6
Let w(j) = 5*j**2 + j + 1. Let i(c) = 4*c**2 + c + 1. Let n(h) = 2*h**2 - 19*h + 12. Let l be n(9). Let f(r) = l*w(r) - 4*i(r). What is f(0)?
-1
Let q be 112/20 + (-4)/(-10). Let k(a) = -a**3 - 9*a - 2*a**2 - 1 + 4 + q*a + 6*a. Let w = 8 - 11. Determine k(w).
3
Let u(d) = -3*d**3 - d**2 + d - 5. Let v(n) = 4*n**3 + n**2 - n + 5. Let q(l) = 3*u(l) + 2*v(l). Let s = 7 + -7. What is q(s)?
-5
Let h(i) be the first derivative of i**4/4 - 4*i**3/3 + 3*i**2 - 4*i + 7. Give h(4).
20
Let t(d) = -d**2 + 3*d - 2. Let z be (-2 + 1/2)*-2. Determine t(z).
-2
Let c(b) = -b**2 + b. Let l be (-2)/(-4)*4/(-2). Determine c(l).
-2
Suppose 3*k = -2*k. Suppose k = 4*a - a - 6. Let z(i) = 2 - 2*i - 2*i + 1. What is z(a)?
-5
Let g be 9 + -6 + (0 - 3). Let y(o) = g - 1 + 2 + 0*o + o. Give y(-2).
-1
Let g be (-1)/(-3) + (-42)/18. Let b(n) = n**2 - 2*n - 11. Let y(j) = 5*j - 4 - 5*j - j. Let z(l) = 4*b(l) - 11*y(l). What is z(g)?
10
Let i(c) = c + 6. Let f(r) = r**3 + r + 15. Let q be f(0). Suppose 37 = -2*v - 5*d, -3*d - q = -0*d. Determine i(v).
0
Let j(p) = p + 12. Let m be -14 + (-1 + 6)*1. Calculate j(m).
3
Let u(t) be the second derivative of -t**5/20 - 2*t**4/3 - t**3 + 3*t**2/2 - 4*t. What is u(-7)?
-4
Let m(a) = 6*a - 5. Let n(c) = 7*c - 5. Let y(q) = 6*m(q) - 5*n(q). What is y(3)?
-2
Let r be 3/2 + 12/(-24). Let t(h) = 13*h**2 - h + 1. What is t(r)?
13
Let o = -5 + 8. Let b(g) be the third derivative of 1/3*g**3 + 0*g**4 + 0*g + 1/30*g**5 - g**2 - 1/120*g**6 + 0. Give b(o).
-7
Let h = -8 - -4. Let z(t) = t + 14 - 8 - 7. Let q(y) = -2*y + 5. Let b(p) = -q(p) - 3*z(p). What is b(h)?
2
Let c(s) be the first derivative of -2*s**3/3 + 3*s**2/2 + 2*s - 31. Give c(3).
-7
Suppose z = 2*z - 6. Let u(x) = 1 - 2 + 7 - x - 4. Give u(z).
-4
Suppose 2*i - 4 = 0, 3*m - 4*i = -0 + 7. Let v(s) = s**3 - 5*s**2 - 4*s + 2. Give v(m).
-18
Let a(m) = -m + 1. Let k = 0 - 0. Suppose -4*g = -2*t - 6, k = 3*g - 4*t + 3. Suppose -x - 2 = -g. Give a(x).
0
Let n(h) = -h**2 - 8*h + 3. Let m be n(-7). Suppose 25 = 3*i + m. Let g(j) = 4 + j - i*j + j. Calculate g(3).
-5
Let r(h) = -h**2 + h + 5. Let m be 4 - (0 - 2 - -2). Give r(m).
-7
Let s(r) be the second derivative of -5*r**3/6 + r**2 + 40*r. Determine s(-2).
12
Suppose 4*r + 8 = 4*v, -3*v = -r + 2*v - 14. Let z be r + 0 - (0 - 2). Suppose -7*i = -z*i + 8. Let l(f) = 2*f - 1. What is l(i)?
-5
Let s(q) = 1 + 12*q + 4*q**2 + 15*q - 5*q**2 - 35*q. Calculate s(-4).
17
Let x(a) = a**3 + 7*a**2 + 8*a + 6. Suppose 0 = 3*s - f - 11 - 27, -3*s = -2*f - 40. Suppose 4*o - 16 = s. Let l = o - 13. Give x(l).
-6
Suppose -4*o = -6*o + 6. Let c(v) = -7 - 2*v - o + 5. Suppose 2*u = -4*j - 15 - 13, 5*u = 4*j. Calculate c(u).
3
Let u(p) = 9*p**3 - 3*p**2 + 11*p + 14. Let l(y) = 3*y**3 - y**2 + 4*y + 5. Let b(d) = -11*l(d) + 4*u(d). What is b(-1)?
-3
Let u(g) = 2*g**3 + 13*g**2 + 11*g - 22. Let s(t) = t**3 + 6*t**2 + 5*t - 11. Let c(o) = 5*s(o) - 3*u(o). Determine c(-8).
11
Let s(y) be the third derivative of y**4/24 - y**3/6 - 5*y**2 + 2*y. Give s(1).
0
Let x(r) = 2*r + 7. Suppose 0 = -3*g - 3*b + 93, -2*g + 7*b - 3*b + 32 = 0. Suppose 4*y + 26 = -j, 0 = -5*y + j + j - g. What is x(y)?
-5
Let t(z) = z - 10. Let c be t(8). Let l(m) = -3*m - 3. Calculate l(c).
3
Let s(q) = q**3 - q**2 - 2. Let g(a) = -a**3 - 10. Let c be g(0). Let y = 12 + c. Calculate s(y).
2
Let s be (4/16)/((-2)/(-8)). Let z = 1 - s. Let k(q) = -q**2 - 2 + z*q - 3*q - q. Determine k(-3).
1
Suppose 2*a + 4 - 22 = 0. Suppose 4*i + 1 = a. Suppose 4*m - 